
Suppose -6*x + 3 = 21. Let v(p) = -p**2. What is v(x)?
-9
Let d(s) = -s + 1. Let n(t) be the first derivative of 5*t**2/2 - 4*t - 9. Let z(w) = 11*d(w) + 2*n(w). Give z(7).
-4
Let r(h) = 3*h + 4. Let a(f) = -2*f - 3. Let q(m) = -4*a(m) - 3*r(m). Let u(x) = x + 1. Let o(j) = -3*q(j) - u(j). What is o(4)?
7
Let c(p) = 261*p - 1. Let j be c(1). Let d be j/36 + (-4)/18. Let l(o) = -4*o**3 + 11*o + 3*o**3 + 6*o**2 - 14*o + d + 0*o**2. What is l(6)?
-11
Let y = 2037 + -2036. Let x(f) be the second derivative of f - 1/2*f**2 + 1/6*f**3 + 1/2*f**4 + 0. Calculate x(y).
6
Let a be (-4)/(-4)*(-20)/(-10). Let m(l) be the third derivative of 0*l + 7/6*l**3 + 3*l**a + 0 - 1/24*l**4. Determine m(4).
3
Let c(h) = -3*h**2 - 11*h - 1. Let u(m) = -2*m**2 - 6*m. Let l(f) = -3*c(f) + 5*u(f). Let t(y) = y**3 - 3*y**2 - 3*y - 1. Let v be t(4). Give l(v).
3
Let k be (-1)/2 + 588/(-24). Let c = -35 - k. Let t(p) = -p**3 - 9*p**2 + 10*p. Give t(c).
0
Let d(r) = -145*r + 3. Let v(f) = 254*f - 4. Let k(n) = 7*d(n) + 4*v(n). Let i be (-26)/3 + (-1)/3. What is k(i)?
-4
Let f(s) = 3*s - 20. Suppose 24 = 1206*k - 1202*k. Calculate f(k).
-2
Let n(y) be the first derivative of y**4/24 - 5*y**3/6 - 11*y**2 + 28. Let c(g) be the second derivative of n(g). Determine c(0).
-5
Let i(z) be the first derivative of -z**3/3 + 5*z**2/2 - 5*z - 10. Calculate i(4).
-1
Let g(a) be the second derivative of -6*a + 1/6*a**3 + 0 - 3*a**2. Determine g(8).
2
Let m(s) = -s**2 + 3*s + 3. Suppose -4*j + 12 + 12 = -4*c, -5*j + 34 = -c. Suppose 0 = -6*g + j + 17. Calculate m(g).
-1
Suppose 2*d - 35 = -0*d + 5*g, 0 = 4*d - 4*g - 40. Let p(m) = 216 - 6*m - 428 - d*m**2 + m**3 + 218. Calculate p(6).
6
Suppose -f + 19 = -0. Let p = 23 - f. Let r(g) = g**2 - 3*g - 5. Determine r(p).
-1
Let o(l) = 5*l - 13. Let z be o(3). Let m(u) = -2*u**3 - 3*u**2 + 2*u. What is m(z)?
-24
Suppose 0*c - c = -2. Let q(j) = 2 + 5 + 1 + c*j - 6. Let g be q(-2). Let x(h) = -h**2 - 4*h + 1. Give x(g).
5
Suppose -24*n + 21*n = -b + 7, -25 = 5*b + 5*n. Let s(g) = -2*g + 3*g - g**2 + 2 + 7*g**2. Calculate s(b).
24
Let m(t) = 5*t**2 - t. Let h(w) = 16*w**2 - 10*w - 3. Let u(i) = -h(i) + 3*m(i). Calculate u(4).
15
Let f be (-13 - (-2679)/209) + (-70)/(-22). Let d(r) be the third derivative of -9*r**2 + 1/2*r**f + 0 + 0*r - 1/24*r**4. Give d(7).
-4
Let c(z) be the second derivative of -9/2*z**2 + 7/6*z**3 - 4*z - 1/12*z**4 + 3. What is c(6)?
-3
Let d(x) be the first derivative of x**6/360 - x**5/40 - x**4/24 + 7*x**3/3 + 13. Let j(f) be the third derivative of d(f). Give j(3).
-1
Suppose 5*p = -5*g - 40, -p - 4*g = -0*p + 20. Let d(f) = -f**2 - f - 6. Let o(w) = -w - 4*w - 2*w**2 - 11 + w + w. Let r(z) = -7*d(z) + 4*o(z). Calculate r(p).
2
Let z = 747 - 756. Let r(o) = -o**3 - 9*o**2 + 2*o + 12. What is r(z)?
-6
Let i(x) = -6*x + 4*x + x**2 - 4*x. Suppose -g + 13 + 9 = 0. Suppose g*d = 27*d - 30. Give i(d).
0
Suppose -h + 29*w = 28*w - 11, -4*w = 4. Let m(d) = -d**3 - 9*d**2 + 12*d - 12. Let b(l) = -l**3 + l**2 + 1. Let r(v) = 2*b(v) - m(v). Calculate r(h).
-6
Let m = 15 + -9. Let y be 8/16*m/1. Let o(p) = -6*p**2 - 9*p**3 + 15*p**y - 5*p**3 + 1 + p. Give o(6).
7
Let o(l) be the second derivative of 3*l**2 + 1/60*l**5 - l + 0*l**3 + 1/4*l**4 + 0. Let x(t) be the first derivative of o(t). Determine x(-6).
0
Let s(w) be the first derivative of -7*w**2/2 - 28*w - 505. Calculate s(-4).
0
Let t(i) = -i**3 - 6*i**2 - 2*i - 6. Suppose 9*h = 24*h + 75. What is t(h)?
-21
Let i(j) = 2*j**3 - 4*j**2 + 2*j + 2. Let b be 6/(-10)*(-7 - -2). Suppose b*k + 14 = 5. Let n = 5 + k. Give i(n).
6
Let u(k) be the second derivative of k**5/20 - k**4/4 + k**3/3 - k**2 + 210*k. Let f be 4/18 + (-16)/(-9). Calculate u(f).
-2
Let j(b) = b**3 - 6*b**2 - 2*b + 8. Suppose -4*v = 3 - 27. Give j(v).
-4
Let f be 144/(-30) - (-2)/(-10). Let h(k) = k**3 - 12*k**2 - 12*k - 11. Let w be h(13). Let u(m) = w*m**2 - 9*m**2 - m - m**3 + 0*m**3 + 2*m**2. What is u(f)?
5
Let z be 2 + (0 - -2) + -1. Suppose -k + 24 = z*k. Let w(t) = -2*t - 1. What is w(k)?
-13
Let a(r) = 10*r + 1. Let h be (-1)/(-5) - 308/140. Determine a(h).
-19
Let n(c) = 4*c**2 - c. Let j be n(-1). Suppose -5 = j*g + 10. Let t(d) be the third derivative of -d**4/12 + d**3/2 + 19*d**2. Give t(g).
9
Let f(d) = 853*d - 4*d**2 - 425*d - 430*d. Determine f(-2).
-12
Let i be 118/(-59)*(-1)/3*-6. Let q(u) = -3*u**2 - 7*u - 9. Give q(i).
-29
Suppose -5 = o - 6. Suppose -v + 2*w = -1 - 1, -4*v - w - o = 0. Suppose v = -2*k + k + 4*a - 16, 4*a = -3*k + 16. Let n(c) = -c**2 + c - 9. What is n(k)?
-9
Suppose 24*d = -18 - 102. Let w(m) = m**3 + 5*m**2 + 8*m + 4. Determine w(d).
-36
Suppose 4*v - 16 = 0, 3*n = 4*v + 6 - 43. Let q(b) = b**2 + 9*b + 12. Give q(n).
-2
Let y(b) = 2 - 2*b - 1 + b**2 + 2 + b. Let r be y(0). Suppose 4*k - 4 = 4*g + 12, -6 = r*g - k. Let l(x) = 3*x**3 + 2*x + 1. Determine l(g).
-4
Let q = -7 - -10. Suppose -3*y = q*t + 15, -2*t = 2*t + 4. Let f(n) = 7*n - 22. Let l(o) = 3*o - 10. Let h(p) = 4*f(p) - 9*l(p). What is h(y)?
-2
Let g(b) = 3*b + 10. Let m be g(-2). Suppose 2*v - n = 2, m*v = 6*v - 2*n - 4. Let q(t) = t + 24. Calculate q(v).
24
Let w(i) = 0*i + 9*i**3 - i + 2*i - i**2. Let q = -110 + 111. Let j be q + 3 + 1 + -6 + 2. Calculate w(j).
9
Let p = -38 + 46. Let i(n) = -202 + 99 + n**2 + 102 - 9*n. Calculate i(p).
-9
Let x(j) be the first derivative of -4/3*j**3 - 1/4*j**4 + 7*j + 2*j**2 + 18. Give x(-5).
12
Let u(p) be the third derivative of p**7/840 + 7*p**6/360 + 3*p**5/40 + p**4/24 - 3*p**3 - 9*p**2. Let w(s) be the first derivative of u(s). What is w(-6)?
-17
Let l(a) = -19*a**2 + 3*a + 9. Let q(z) = 30*z**2 - 5*z - 13. Let f(g) = -8*l(g) - 5*q(g). Give f(3).
14
Suppose -1 = 3*l + 2*c - 18, -l = 2*c - 3. Suppose -l*n - n = -48. Let h(q) = -q**2 + 7*q. Determine h(n).
6
Let h = -524 - -533. Let z(j) = j**2 - 8*j - 7. Determine z(h).
2
Let x(m) be the second derivative of m**5/20 + 2*m**4/3 + 4*m**3/3 + m**2/2 - 16*m. Suppose 8*u = 13*u + 35. Give x(u).
-6
Let s(p) be the third derivative of p**7/720 - 11*p**5/60 + 7*p**2. Let n(t) be the third derivative of s(t). What is n(-1)?
-7
Let r(d) = -d**2 - 2*d. Suppose 0 = 4*p - 9*p - x + 11, -2*x = 3*p - 8. Let g be (0/(-1))/(2/1). Suppose -p*a - 6 = -g. What is r(a)?
-3
Let b be 11/44 + (-2)/8. Suppose b = -2*x - i - i + 4, -x + 5*i = 10. Let p(y) = 3*y - 1 + 4 + x + y**2. Determine p(-3).
3
Let w(b) = -10*b - b + 2*b + 4*b + 2*b**2 + 7. Let j be w(3). Let x(a) = a**3 - 11*a**2 + 11*a - 10. Determine x(j).
0
Let a(g) be the first derivative of -27*g**4/4 + g**2 + g + 271. Calculate a(-1).
26
Let r(q) = -9*q**3 + 6*q + 64 - 63 + 6*q**2 + 10*q**3. Determine r(-5).
-4
Let x(f) = -f**2 + f - 1. Let s be 12/(-20) - 38/(-5). Suppose -a + s = -0*a + 3*l, -3*a - 4*l = -16. Suppose -a*v + 6 = -v. Determine x(v).
-3
Let o be 1/2 + 567/14 + -7. Suppose -4*n + 10 - o = 0. Let c(u) = -3*u - 6. Determine c(n).
12
Let r(d) = -3*d. Suppose 0 = -l - 13 - 23. Let m be 30/(-9)*l/15. Let a be ((-2)/m)/((-2)/16). What is r(a)?
-6
Let n(k) be the third derivative of -k**6/120 + k**5/10 + 7*k**4/24 + 2*k**3/3 + 85*k**2. What is n(7)?
4
Let l(f) = f**3 + 2*f - 4 - 3*f - 2*f - 2*f**2. Let i(z) = -2*z**3 + 8*z**2 - 5*z - 3. Let a be i(2). Determine l(a).
-4
Let o be 5 + (3 + -1)*2/(-4). Let d(r) = -r - 5*r**2 + 0*r**2 + 5*r**2 + r**2. Let w(z) = 5*z**2 - 5. Let c(n) = 6*d(n) - w(n). Give c(o).
-3
Let p be -5*9/(45/(-52)). Let l(g) = -55 - p + 112 + g. What is l(-7)?
-2
Let f(p) = p**3 + 7*p**2 + 5. Let i(v) = v**3 - 9*v**2 + 4*v + 10. Let b be i(8). Let h = b - -15. What is f(h)?
5
Let d = 0 - -4. Let z(y) be the third derivative of y**5/60 - y**4/6 + y**3/3 - 49*y**2. Determine z(d).
2
Let z(c) = -c**2 + 2*c. Suppose 8*v + 28 - 12 = 0. What is z(v)?
-8
Let p(n) = -n**3 - 5*n**2 + n + 7. Let c(q) = -14 - 4 + 1 + 2*q. Let t be c(6). Give p(t).
2
Let q be ((-185)/15 - -3)*(-36)/7. Let x = q + -56. Let s(r) = r**3 + 9*r**2 + 9*r + 2. Calculate s(x).
-6
Let y = -770 - -780. Let d(u) = -2*u**2 + 13*u + 10. Calculate d(y).
-60
Let q(x) = -x**2 + 7*x. Let y(s) = -2*s - 12. Suppose 3*u = u - 14. Let l be y(u). Suppose -3*t = -5*n + 24, 0*t = -l*n + 4*t + 4. Determine q(n).
6
Let r(q) = -q**2 - 2*q + 6. Let i(c) = -2*c**2 + 16*c + 4. Let v be i(10). Let a be 3/18 + (-